{"id":4758,"date":"2025-01-22T09:38:57","date_gmt":"2025-01-22T08:38:57","guid":{"rendered":"https:\/\/clandestritons.fr\/?page_id=4758"},"modified":"2025-01-29T09:50:16","modified_gmt":"2025-01-29T08:50:16","slug":"explo-tritons","status":"publish","type":"page","link":"https:\/\/clandestritons.fr\/?page_id=4758","title":{"rendered":"Explo Tritons"},"content":{"rendered":"\n<div style=\"height:150px\" aria-hidden=\"true\" class=\"wp-block-spacer\"><\/div>\n\n\n\n<p class=\"has-text-align-center has-ast-global-color-0-color has-text-color has-link-color has-large-font-size wp-elements-28467091960981fd62f66b0bdae852f7\"><strong><span>\u00ab\u00a0Si tu fais l&rsquo;explo : tu fais la topo !\u00a0\u00bb<\/span><\/strong><\/p>\n\n\n\n<p class=\"has-text-align-center has-large-font-size\">La s\u00e9rie des Explos Tritons <\/p>\n\n\n\n<p class=\"has-text-align-center\">Explos Tritons s&rsquo;est arr\u00eat\u00e9 en 2006 avec la parution du n\u00b0 10&#8230; Toute une \u00e9poque<\/p>\n\n\n    <div>\n        <div style=\"margin-bottom: 10px; text-align: center;\">\n            \n            <div style=\"display: flex; align-items: center; justify-content: center; gap: 10px;\">\n                <h3 style=\"margin: 0;\">Tri :<\/h3>\n                <button class=\"sort-button\" data-sort=\"caption\" data-order=\"ASC\" style=\"padding: 6px 10px; font-size: 20px; margin-top: 4px;\">Titre<\/button>\n                <button class=\"sort-button\" data-sort=\"description\" data-order=\"ASC\" style=\"padding: 6px 10px; font-size: 20px; margin-top: 4px;\">Auteur<\/button>\n                <button class=\"sort-button\" data-sort=\"date\" data-order=\"ASC\" style=\"padding: 6px 10px; font-size: 20px; margin-top: 4px; \">Date<\/button>\n                <h3 style=\"margin: 0;\">Colonnes :<\/h3>\n                <button id=\"toggle-size-button\" style=\"padding: 6px 10px; font-size: 20px; margin-top: 4px;\">Taille<\/button>\n\t\t\t\t<h3 style=\"margin: 0;\">Fichiers : 15<\/h3>\n            <\/div>\n        <\/div>\n        <div id=\"mla-gallery-container\" style=\"margin-left: 40px; margin-right: 40px;\">\n            \n\t\t\t<style type='text\/css'>\r\n\t#mla_gallery-1 {\r\n\t\tmargin: auto;\r\n\t\twidth: 100%;\r\n\t}\r\n\t#mla_gallery-1 .gallery-item {\r\n\t\tfloat: none;\r\n\t\tmargin: 1.5%;\r\n\t\tdisplay: inline-block;\r\n\t\ttext-align: center;\r\n\t\twidth: 22%;\r\n\t}\r\n\t#mla_gallery-1 .gallery-item .gallery-icon img {\r\n\t\tborder: 2px solid #cfcfcf;\r\n\t}\r\n\t#mla_gallery-1 .gallery-caption {\r\n\t\tmargin-left: 0;\r\n\t\tvertical-align: top;\r\n\t}\r\n<\/style>\r\n<div id='mla_gallery-1' class='gallery galleryid-4758 gallery-columns-4 gallery-size-large'>\r\n<figure class='gallery-item '>\r\n\t<div class='gallery-icon '>\r\n\t\t<a download href='https:\/\/clandestritons.fr\/wp-content\/uploads\/publications\/explo_tritons\/ExplosTritons_2019_RapportExpedition_Anjohibe_2017.pdf'><img decoding=\"async\" aria-describedby=\"mla_gallery-1-4178\" width=\"724\" height=\"1024\" src=\"https:\/\/clandestritons.fr\/wp-content\/uploads\/publications\/explo_tritons\/ExplosTritons_2019_RapportExpedition_Anjohibe_2017-pdf-1-724x1024.jpg\" class=\"attachment-large size-large\" alt=\"\" \/><\/a>\r\n\t<\/div>\r\n\t<figcaption class='wp-caption-text gallery-caption' id='mla_gallery-1-4178'>\n\t    <ul style=\"list-style-type: none;padding: 0;margin: 0\">     <li class=\"has-ast-global-color-0-color has-text-color has-link-color\">Exp\u00e9dition sp\u00e9l\u00e9ologique Anjohibe 2017<\/li>     <small>      <li class=\"has-ast-global-color-2-color has-text-color has-link-color\">Alexandre Pont, Fabien Darne<\/li>      <li class=\"has-black-color has-text-color has-link-color\">Apr, 2019<\/li>      <li class=\"has-black-color has-text-color has-link-color\">12.940 MB<\/li>     <\/small>    <\/ul>\n\t<\/figcaption><\/figure><figure class='gallery-item '>\r\n\t<div class='gallery-icon '>\r\n\t\t<a download href='https:\/\/clandestritons.fr\/wp-content\/uploads\/publications\/explo_tritons\/Explo.Tritons.n.10-2000.2003_2006_03.pdf'><img decoding=\"async\" aria-describedby=\"mla_gallery-1-4169\" width=\"724\" height=\"1024\" src=\"https:\/\/clandestritons.fr\/wp-content\/uploads\/publications\/explo_tritons\/Explo.Tritons.n.10-2000.2003_2006_03-pdf-1-724x1024.jpg\" class=\"attachment-large size-large\" alt=\"\" \/><\/a>\r\n\t<\/div>\r\n\t<figcaption class='wp-caption-text gallery-caption' id='mla_gallery-1-4169'>\n\t    <ul style=\"list-style-type: none;padding: 0;margin: 0\">     <li class=\"has-ast-global-color-0-color has-text-color has-link-color\">Explo Tritons n\u00b010 &#8211; 2000 \u00e0 2003 (2006 03)<\/li>     <small>      <li class=\"has-ast-global-color-2-color has-text-color has-link-color\">Jean-Philippe Grandcolas<\/li>      <li class=\"has-black-color has-text-color has-link-color\">Mar, 2006<\/li>      <li class=\"has-black-color has-text-color has-link-color\">152.573 MB<\/li>     <\/small>    <\/ul>\n\t<\/figcaption><\/figure><figure class='gallery-item '>\r\n\t<div class='gallery-icon '>\r\n\t\t<a download href='https:\/\/clandestritons.fr\/wp-content\/uploads\/publications\/explo_tritons\/Explo.Tritons.n.9-1998.1999_2003_11.pdf'><img decoding=\"async\" aria-describedby=\"mla_gallery-1-4177\" width=\"724\" height=\"1024\" src=\"https:\/\/clandestritons.fr\/wp-content\/uploads\/publications\/explo_tritons\/Explo.Tritons.n.9-1998.1999_2003_11-pdf-1-724x1024.jpg\" class=\"attachment-large size-large\" alt=\"\" \/><\/a>\r\n\t<\/div>\r\n\t<figcaption class='wp-caption-text gallery-caption' id='mla_gallery-1-4177'>\n\t    <ul style=\"list-style-type: none;padding: 0;margin: 0\">     <li class=\"has-ast-global-color-0-color has-text-color has-link-color\">Explo Tritons n\u00b009 (1998 &#8211; 1999)<\/li>     <small>      <li class=\"has-ast-global-color-2-color has-text-color has-link-color\">Jean-Philippe Grandcolas<\/li>      <li class=\"has-black-color has-text-color has-link-color\">Nov, 2003<\/li>      <li class=\"has-black-color has-text-color has-link-color\">110.905 MB<\/li>     <\/small>    <\/ul>\n\t<\/figcaption><\/figure><figure class='gallery-item last_in_row'>\r\n\t<div class='gallery-icon '>\r\n\t\t<a download href='https:\/\/clandestritons.fr\/wp-content\/uploads\/publications\/explo_tritons\/Explo.Tritons.Special.20.ans.de.Camps.1981.a.2000_2002_11.pdf'><img decoding=\"async\" aria-describedby=\"mla_gallery-1-4165\" width=\"724\" height=\"1024\" src=\"https:\/\/clandestritons.fr\/wp-content\/uploads\/publications\/explo_tritons\/Explo.Tritons.Special.20.ans_.de_.Camps_.1981.a.2000_2002_11-pdf-1-724x1024.jpg\" class=\"attachment-large size-large\" alt=\"\" \/><\/a>\r\n\t<\/div>\r\n\t<figcaption class='wp-caption-text gallery-caption' id='mla_gallery-1-4165'>\n\t    <ul style=\"list-style-type: none;padding: 0;margin: 0\">     <li class=\"has-ast-global-color-0-color has-text-color has-link-color\">Explo Tritons num\u00e9ro sp\u00e9cial 20 ans de camps &#8211; 1981 \u00e0 2000<\/li>     <small>      <li class=\"has-ast-global-color-2-color has-text-color has-link-color\">Jean-Philippe Grandcolas<\/li>      <li class=\"has-black-color has-text-color has-link-color\">Nov, 2002<\/li>      <li class=\"has-black-color has-text-color has-link-color\">51.807 MB<\/li>     <\/small>    <\/ul>\n\t<\/figcaption><\/figure><figure class='gallery-item '>\r\n\t<div class='gallery-icon '>\r\n\t\t<a download href='https:\/\/clandestritons.fr\/wp-content\/uploads\/publications\/explo_tritons\/Explo.Tritons.n.8-1997_1999_03.pdf'><img decoding=\"async\" aria-describedby=\"mla_gallery-1-4176\" width=\"724\" height=\"1024\" src=\"https:\/\/clandestritons.fr\/wp-content\/uploads\/publications\/explo_tritons\/Explo.Tritons.n.8-1997_1999_03-pdf-1-724x1024.jpg\" class=\"attachment-large size-large\" alt=\"\" \/><\/a>\r\n\t<\/div>\r\n\t<figcaption class='wp-caption-text gallery-caption' id='mla_gallery-1-4176'>\n\t    <ul style=\"list-style-type: none;padding: 0;margin: 0\">     <li class=\"has-ast-global-color-0-color has-text-color has-link-color\">Explo Tritons n\u00b008 (1997)<\/li>     <small>      <li class=\"has-ast-global-color-2-color has-text-color has-link-color\">Jean-Philippe Grandcolas<\/li>      <li class=\"has-black-color has-text-color has-link-color\">Mar, 1999<\/li>      <li class=\"has-black-color has-text-color has-link-color\">108.224 MB<\/li>     <\/small>    <\/ul>\n\t<\/figcaption><\/figure><figure class='gallery-item '>\r\n\t<div class='gallery-icon '>\r\n\t\t<a download href='https:\/\/clandestritons.fr\/wp-content\/uploads\/publications\/explo_tritons\/Moucherolle.Souterraine-Speleo.Dossier.Hors.Serie_1988.pdf'><img decoding=\"async\" aria-describedby=\"mla_gallery-1-4179\" width=\"724\" height=\"1024\" src=\"https:\/\/clandestritons.fr\/wp-content\/uploads\/publications\/explo_tritons\/Moucherolle.Souterraine-Speleo.Dossier.Hors_.Serie_1988-pdf-1-724x1024.jpg\" class=\"attachment-large size-large\" alt=\"\" \/><\/a>\r\n\t<\/div>\r\n\t<figcaption class='wp-caption-text gallery-caption' id='mla_gallery-1-4179'>\n\t    <ul style=\"list-style-type: none;padding: 0;margin: 0\">     <li class=\"has-ast-global-color-0-color has-text-color has-link-color\">Moucherolle Souterraine &#8211; Sp\u00e9l\u00e9o dossier n\u00b0 sp\u00e9cial<\/li>     <small>      <li class=\"has-ast-global-color-2-color has-text-color has-link-color\">Jean-Philippe Grandcolas<\/li>      <li class=\"has-black-color has-text-color has-link-color\">Dec, 1998<\/li>      <li class=\"has-black-color has-text-color has-link-color\">12.506 MB<\/li>     <\/small>    <\/ul>\n\t<\/figcaption><\/figure><figure class='gallery-item '>\r\n\t<div class='gallery-icon '>\r\n\t\t<a download href='https:\/\/clandestritons.fr\/wp-content\/uploads\/publications\/explo_tritons\/Explo.Tritons.n.7-1996_1997_10.pdf'><img decoding=\"async\" aria-describedby=\"mla_gallery-1-4175\" width=\"724\" height=\"1024\" src=\"https:\/\/clandestritons.fr\/wp-content\/uploads\/publications\/explo_tritons\/Explo.Tritons.n.7-1996_1997_10-pdf-1-724x1024.jpg\" class=\"attachment-large size-large\" alt=\"\" \/><\/a>\r\n\t<\/div>\r\n\t<figcaption class='wp-caption-text gallery-caption' id='mla_gallery-1-4175'>\n\t    <ul style=\"list-style-type: none;padding: 0;margin: 0\">     <li class=\"has-ast-global-color-0-color has-text-color has-link-color\">Explo Tritons n\u00b007 (1996)<\/li>     <small>      <li class=\"has-ast-global-color-2-color has-text-color has-link-color\">Jean-Philippe Grandcolas<\/li>      <li class=\"has-black-color has-text-color has-link-color\">Oct, 1997<\/li>      <li class=\"has-black-color has-text-color has-link-color\">83.162 MB<\/li>     <\/small>    <\/ul>\n\t<\/figcaption><\/figure><figure class='gallery-item last_in_row'>\r\n\t<div class='gallery-icon '>\r\n\t\t<a download href='https:\/\/clandestritons.fr\/wp-content\/uploads\/publications\/explo_tritons\/Explo.Tritons.n.6-1995_1996_11.pdf'><img decoding=\"async\" aria-describedby=\"mla_gallery-1-4174\" width=\"724\" height=\"1024\" src=\"https:\/\/clandestritons.fr\/wp-content\/uploads\/publications\/explo_tritons\/Explo.Tritons.n.6-1995_1996_11-pdf-1-724x1024.jpg\" class=\"attachment-large size-large\" alt=\"\" \/><\/a>\r\n\t<\/div>\r\n\t<figcaption class='wp-caption-text gallery-caption' id='mla_gallery-1-4174'>\n\t    <ul style=\"list-style-type: none;padding: 0;margin: 0\">     <li class=\"has-ast-global-color-0-color has-text-color has-link-color\">Explo Tritons n\u00b006 (1995)<\/li>     <small>      <li class=\"has-ast-global-color-2-color has-text-color has-link-color\">Jean-Philippe Grandcolas<\/li>      <li class=\"has-black-color has-text-color has-link-color\">Nov, 1996<\/li>      <li class=\"has-black-color has-text-color has-link-color\">75.736 MB<\/li>     <\/small>    <\/ul>\n\t<\/figcaption><\/figure><figure class='gallery-item '>\r\n\t<div class='gallery-icon '>\r\n\t\t<a download href='https:\/\/clandestritons.fr\/wp-content\/uploads\/publications\/explo_tritons\/Explo.Tritons.Special.Ardeche-1996_1996_11.pdf'><img decoding=\"async\" aria-describedby=\"mla_gallery-1-4166\" width=\"724\" height=\"1024\" src=\"https:\/\/clandestritons.fr\/wp-content\/uploads\/publications\/explo_tritons\/Explo.Tritons.Special.Ardeche-1996_1996_11-pdf-2-724x1024.jpg\" class=\"attachment-large size-large\" alt=\"\" \/><\/a>\r\n\t<\/div>\r\n\t<figcaption class='wp-caption-text gallery-caption' id='mla_gallery-1-4166'>\n\t    <ul style=\"list-style-type: none;padding: 0;margin: 0\">     <li class=\"has-ast-global-color-0-color has-text-color has-link-color\">Explo Tritons num\u00e9ro num\u00e9ro sp\u00e9cial &#8211; Sp\u00e9l\u00e9ologie sur les communes de Bidon, Saint-Rem\u00e8ze et Vallon-Pont d&rsquo;Arc &#8211; Ard\u00e8che (1996)<\/li>     <small>      <li class=\"has-ast-global-color-2-color has-text-color has-link-color\">Jean-Philippe Grandcolas<\/li>      <li class=\"has-black-color has-text-color has-link-color\">Nov, 1996<\/li>      <li class=\"has-black-color has-text-color has-link-color\">147.701 MB<\/li>     <\/small>    <\/ul>\n\t<\/figcaption><\/figure><figure class='gallery-item '>\r\n\t<div class='gallery-icon '>\r\n\t\t<a download href='https:\/\/clandestritons.fr\/wp-content\/uploads\/publications\/explo_tritons\/Explo.Tritons.n.5-1994_1995_06.pdf'><img decoding=\"async\" aria-describedby=\"mla_gallery-1-4173\" width=\"724\" height=\"1024\" src=\"https:\/\/clandestritons.fr\/wp-content\/uploads\/publications\/explo_tritons\/Explo.Tritons.n.5-1994_1995_06-pdf-1-724x1024.jpg\" class=\"attachment-large size-large\" alt=\"\" \/><\/a>\r\n\t<\/div>\r\n\t<figcaption class='wp-caption-text gallery-caption' id='mla_gallery-1-4173'>\n\t    <ul style=\"list-style-type: none;padding: 0;margin: 0\">     <li class=\"has-ast-global-color-0-color has-text-color has-link-color\">Explo Tritons n\u00b005 (1994)<\/li>     <small>      <li class=\"has-ast-global-color-2-color has-text-color has-link-color\">Jean-Philippe Grandcolas<\/li>      <li class=\"has-black-color has-text-color has-link-color\">Jun, 1995<\/li>      <li class=\"has-black-color has-text-color has-link-color\">112.281 MB<\/li>     <\/small>    <\/ul>\n\t<\/figcaption><\/figure><figure class='gallery-item '>\r\n\t<div class='gallery-icon '>\r\n\t\t<a download href='https:\/\/clandestritons.fr\/wp-content\/uploads\/publications\/explo_tritons\/Explo.Tritons.n.4-1992.1993_1994_05.pdf'><img decoding=\"async\" aria-describedby=\"mla_gallery-1-4172\" width=\"724\" height=\"1024\" src=\"https:\/\/clandestritons.fr\/wp-content\/uploads\/publications\/explo_tritons\/Explo.Tritons.n.4-1992.1993_1994_05-pdf-1-724x1024.jpg\" class=\"attachment-large size-large\" alt=\"\" \/><\/a>\r\n\t<\/div>\r\n\t<figcaption class='wp-caption-text gallery-caption' id='mla_gallery-1-4172'>\n\t    <ul style=\"list-style-type: none;padding: 0;margin: 0\">     <li class=\"has-ast-global-color-0-color has-text-color has-link-color\">Explo Tritons n\u00b004 (1992 &#8211; 1993)<\/li>     <small>      <li class=\"has-ast-global-color-2-color has-text-color has-link-color\">Jean-Philippe Grandcolas<\/li>      <li class=\"has-black-color has-text-color has-link-color\">May, 1994<\/li>      <li class=\"has-black-color has-text-color has-link-color\">61.018 MB<\/li>     <\/small>    <\/ul>\n\t<\/figcaption><\/figure><figure class='gallery-item last_in_row'>\r\n\t<div class='gallery-icon '>\r\n\t\t<a download href='https:\/\/clandestritons.fr\/wp-content\/uploads\/publications\/explo_tritons\/Explo.Tritons.Special.Classiques.de.l.Ain-1994_1994_03.pdf'><img decoding=\"async\" aria-describedby=\"mla_gallery-1-4167\" width=\"724\" height=\"1024\" src=\"https:\/\/clandestritons.fr\/wp-content\/uploads\/publications\/explo_tritons\/Explo.Tritons.Special.Classiques.de_.l.Ain-1994_1994_03-pdf-1-724x1024.jpg\" class=\"attachment-large size-large\" alt=\"\" \/><\/a>\r\n\t<\/div>\r\n\t<figcaption class='wp-caption-text gallery-caption' id='mla_gallery-1-4167'>\n\t    <ul style=\"list-style-type: none;padding: 0;margin: 0\">     <li class=\"has-ast-global-color-0-color has-text-color has-link-color\">Explo Tritons num\u00e9ro sp\u00e9cial classiques de l&rsquo;Ain (1994)<\/li>     <small>      <li class=\"has-ast-global-color-2-color has-text-color has-link-color\">Jean-Philippe Grandcolas<\/li>      <li class=\"has-black-color has-text-color has-link-color\">Mar, 1994<\/li>      <li class=\"has-black-color has-text-color has-link-color\">9.446 MB<\/li>     <\/small>    <\/ul>\n\t<\/figcaption><\/figure><figure class='gallery-item '>\r\n\t<div class='gallery-icon '>\r\n\t\t<a download href='https:\/\/clandestritons.fr\/wp-content\/uploads\/publications\/explo_tritons\/Explo.Tritons.n.3-1991_1992_01.pdf'><img decoding=\"async\" aria-describedby=\"mla_gallery-1-4171\" width=\"724\" height=\"1024\" src=\"https:\/\/clandestritons.fr\/wp-content\/uploads\/publications\/explo_tritons\/Explo.Tritons.n.3-1991_1992_01-pdf-1-724x1024.jpg\" class=\"attachment-large size-large\" alt=\"\" \/><\/a>\r\n\t<\/div>\r\n\t<figcaption class='wp-caption-text gallery-caption' id='mla_gallery-1-4171'>\n\t    <ul style=\"list-style-type: none;padding: 0;margin: 0\">     <li class=\"has-ast-global-color-0-color has-text-color has-link-color\">Explo Tritons n\u00b003 (1991)<\/li>     <small>      <li class=\"has-ast-global-color-2-color has-text-color has-link-color\">Jean-Philippe Grandcolas<\/li>      <li class=\"has-black-color has-text-color has-link-color\">Jan, 1992<\/li>      <li class=\"has-black-color has-text-color has-link-color\">37.265 MB<\/li>     <\/small>    <\/ul>\n\t<\/figcaption><\/figure><figure class='gallery-item '>\r\n\t<div class='gallery-icon '>\r\n\t\t<a download href='https:\/\/clandestritons.fr\/wp-content\/uploads\/publications\/explo_tritons\/Explo.Tritons.n.2-1989_1990_01.pdf'><img decoding=\"async\" aria-describedby=\"mla_gallery-1-4170\" width=\"724\" height=\"1024\" src=\"https:\/\/clandestritons.fr\/wp-content\/uploads\/publications\/explo_tritons\/Explo.Tritons.n.2-1989_1990_01-pdf-1-724x1024.jpg\" class=\"attachment-large size-large\" alt=\"\" \/><\/a>\r\n\t<\/div>\r\n\t<figcaption class='wp-caption-text gallery-caption' id='mla_gallery-1-4170'>\n\t    <ul style=\"list-style-type: none;padding: 0;margin: 0\">     <li class=\"has-ast-global-color-0-color has-text-color has-link-color\">Explo Tritons n\u00b002 (1989)<\/li>     <small>      <li class=\"has-ast-global-color-2-color has-text-color has-link-color\">Jean-Philippe Grandcolas<\/li>      <li class=\"has-black-color has-text-color has-link-color\">Jan, 1990<\/li>      <li class=\"has-black-color has-text-color has-link-color\">52.999 MB<\/li>     <\/small>    <\/ul>\n\t<\/figcaption><\/figure><figure class='gallery-item '>\r\n\t<div class='gallery-icon '>\r\n\t\t<a download href='https:\/\/clandestritons.fr\/wp-content\/uploads\/publications\/explo_tritons\/Explo.Tritons.n.1-1986_1987_01.pdf'><img decoding=\"async\" aria-describedby=\"mla_gallery-1-4168\" width=\"724\" height=\"1024\" src=\"https:\/\/clandestritons.fr\/wp-content\/uploads\/publications\/explo_tritons\/Explo.Tritons.n.1-1986_1987_01-pdf-1-724x1024.jpg\" class=\"attachment-large size-large\" alt=\"\" \/><\/a>\r\n\t<\/div>\r\n\t<figcaption class='wp-caption-text gallery-caption' id='mla_gallery-1-4168'>\n\t    <ul style=\"list-style-type: none;padding: 0;margin: 0\">     <li class=\"has-ast-global-color-0-color has-text-color has-link-color\">Explo Tritons n\u00b001 (1996)<\/li>     <small>      <li class=\"has-ast-global-color-2-color has-text-color has-link-color\">Jean-Philippe Grandcolas<\/li>      <li class=\"has-black-color has-text-color has-link-color\">Jan, 1987<\/li>      <li class=\"has-black-color has-text-color has-link-color\">34.312 MB<\/li>     <\/small>    <\/ul>\n\t<\/figcaption><\/figure><\/div>\r\n        <\/div>\n    <\/div>\n    \n","protected":false},"excerpt":{"rendered":"<p>\u00ab\u00a0Si tu fais l&rsquo;explo : tu fais la topo !\u00a0\u00bb La s\u00e9rie des Explos Tritons Explos Tritons s&rsquo;est arr\u00eat\u00e9 en 2006 avec la parution du n\u00b0 10&#8230; Toute une \u00e9poque<\/p>\n","protected":false},"author":8,"featured_media":0,"parent":0,"menu_order":0,"comment_status":"closed","ping_status":"closed","template":"","meta":{"site-sidebar-layout":"default","site-content-layout":"","ast-site-content-layout":"","site-content-style":"default","site-sidebar-style":"default","ast-global-header-display":"","ast-banner-title-visibility":"","ast-main-header-display":"","ast-hfb-above-header-display":"","ast-hfb-below-header-display":"","ast-hfb-mobile-header-display":"","site-post-title":"disabled","ast-breadcrumbs-content":"","ast-featured-img":"","footer-sml-layout":"","ast-disable-related-posts":"","theme-transparent-header-meta":"","adv-header-id-meta":"","stick-header-meta":"","header-above-stick-meta":"","header-main-stick-meta":"","header-below-stick-meta":"","astra-migrate-meta-layouts":"default","ast-page-background-enabled":"default","ast-page-background-meta":{"desktop":{"background-color":"var(--ast-global-color-5)","background-image":"","background-repeat":"repeat","background-position":"center center","background-size":"auto","background-attachment":"scroll","background-type":"","background-media":"","overlay-type":"","overlay-color":"","overlay-opacity":"","overlay-gradient":""},"tablet":{"background-color":"","background-image":"","background-repeat":"repeat","background-position":"center center","background-size":"auto","background-attachment":"scroll","background-type":"","background-media":"","overlay-type":"","overlay-color":"","overlay-opacity":"","overlay-gradient":""},"mobile":{"background-color":"","background-image":"","background-repeat":"repeat","background-position":"center center","background-size":"auto","background-attachment":"scroll","background-type":"","background-media":"","overlay-type":"","overlay-color":"","overlay-opacity":"","overlay-gradient":""}},"ast-content-background-meta":{"desktop":{"background-color":"var(--ast-global-color-4)","background-image":"","background-repeat":"repeat","background-position":"center center","background-size":"auto","background-attachment":"scroll","background-type":"","background-media":"","overlay-type":"","overlay-color":"","overlay-opacity":"","overlay-gradient":""},"tablet":{"background-color":"var(--ast-global-color-4)","background-image":"","background-repeat":"repeat","background-position":"center center","background-size":"auto","background-attachment":"scroll","background-type":"","background-media":"","overlay-type":"","overlay-color":"","overlay-opacity":"","overlay-gradient":""},"mobile":{"background-color":"var(--ast-global-color-4)","background-image":"","background-repeat":"repeat","background-position":"center center","background-size":"auto","background-attachment":"scroll","background-type":"","background-media":"","overlay-type":"","overlay-color":"","overlay-opacity":"","overlay-gradient":""}},"footnotes":""},"class_list":["post-4758","page","type-page","status-publish","hentry"],"_links":{"self":[{"href":"https:\/\/clandestritons.fr\/index.php?rest_route=\/wp\/v2\/pages\/4758","targetHints":{"allow":["GET"]}}],"collection":[{"href":"https:\/\/clandestritons.fr\/index.php?rest_route=\/wp\/v2\/pages"}],"about":[{"href":"https:\/\/clandestritons.fr\/index.php?rest_route=\/wp\/v2\/types\/page"}],"author":[{"embeddable":true,"href":"https:\/\/clandestritons.fr\/index.php?rest_route=\/wp\/v2\/users\/8"}],"replies":[{"embeddable":true,"href":"https:\/\/clandestritons.fr\/index.php?rest_route=%2Fwp%2Fv2%2Fcomments&post=4758"}],"version-history":[{"count":8,"href":"https:\/\/clandestritons.fr\/index.php?rest_route=\/wp\/v2\/pages\/4758\/revisions"}],"predecessor-version":[{"id":4989,"href":"https:\/\/clandestritons.fr\/index.php?rest_route=\/wp\/v2\/pages\/4758\/revisions\/4989"}],"wp:attachment":[{"href":"https:\/\/clandestritons.fr\/index.php?rest_route=%2Fwp%2Fv2%2Fmedia&parent=4758"}],"curies":[{"name":"wp","href":"https:\/\/api.w.org\/{rel}","templated":true}]}}